{"id":151,"date":"2021-01-21T12:24:34","date_gmt":"2021-01-21T11:24:34","guid":{"rendered":"http:\/\/hub.loc\/?page_id=151"},"modified":"2023-09-29T08:58:25","modified_gmt":"2023-09-29T06:58:25","slug":"legal-notice","status":"publish","type":"page","link":"https:\/\/www.berlin-spricht.org\/?page_id=151&lang=en","title":{"rendered":"Impressum gem\u00e4\u00df \u00a7 5 TMG (in German)"},"content":{"rendered":"<h3>Herausgeberin<\/h3>\n<p><a href=\"https:\/\/www.hu-berlin.de\">Humboldt-Universit\u00e4t zu Berlin<\/a><br \/>\nUnter den Linden 6<br \/>\n10099 Berlin<\/p>\n<h4>Vertreten durch<\/h4>\n<p>die Pr\u00e4sidentin<br \/>\n<a href=\"https:\/\/www.hu-berlin.de\/de\/einrichtungen-organisation\/leitung\/praesidentin\/standardseite\">Prof. Dr. Julia von Blumenthal<\/a><\/p>\n<h3>Kontakt<\/h3>\n<p>Phone: +49 30 2093\u20130<br \/>\nTelefax: +49 30 2093\u20132770<br \/>\nE-mail: <a href=\"mailto:praesident@hu-berlin.de\">praesident@hu-berlin.de<\/a><\/p>\n<h3>Streitbeilegungsverfahren vor einer Verbraucherschlichtungsstelle<\/h3>\n<p>Wir sind nicht bereit oder verpflichtet, an Streitbeilegungsverfahren vor einer Verbraucherschlichtungsstelle teilzunehmen.<\/p>\n<h3>Haftung f\u00fcr Inhalte<\/h3>\n<p>Als Diensteanbieter sind wir gem\u00e4\u00df \u00a7 7 Abs.1 TMG f\u00fcr eigene Inhalte auf diesen Seiten nach den allgemeinen Gesetzen verantwortlich. Nach \u00a7\u00a7 8 bis 10 TMG sind wir als Diensteanbieter jedoch nicht verpflichtet, \u00fcbermittelte oder gespeicherte fremde Informationen zu \u00fcberwachen oder nach Umst\u00e4nden zu forschen, die auf eine rechtswidrige T\u00e4tigkeit hinweisen.<\/p>\n<p>Verpflichtungen zur Entfernung oder Sperrung der Nutzung von Informationen nach den allgemeinen Gesetzen bleiben hiervon unber\u00fchrt. Eine diesbez\u00fcgliche Haftung ist jedoch erst ab dem Zeitpunkt der Kenntnis einer konkreten Rechtsverletzung m\u00f6glich. Bei Bekanntwerden von entsprechenden Rechtsverletzungen werden wir diese Inhalte umgehend entfernen.<\/p>\n<h3>Haftung f\u00fcr Links<\/h3>\n<p>Unser Angebot enth\u00e4lt Links zu externen Websites Dritter, auf deren Inhalte wir keinen Einfluss haben. Deshalb k\u00f6nnen wir f\u00fcr diese fremden Inhalte auch keine Gew\u00e4hr \u00fcbernehmen. F\u00fcr die Inhalte der verlinkten Seiten ist stets der jeweilige Anbieter oder Betreiber der Seiten verantwortlich. Die verlinkten Seiten wurden zum Zeitpunkt der Verlinkung auf m\u00f6gliche Rechtsverst\u00f6\u00dfe \u00fcberpr\u00fcft. Rechtswidrige Inhalte waren zum Zeitpunkt der Verlinkung nicht erkennbar.<\/p>\n<p>Eine permanente inhaltliche Kontrolle der verlinkten Seiten ist jedoch ohne konkrete Anhaltspunkte einer Rechtsverletzung nicht zumutbar. Bei Bekanntwerden von Rechtsverletzungen werden wir derartige Links umgehend entfernen.<\/p>\n<h3>Urheberrecht<\/h3>\n<p>Die durch die Seitenbetreiber erstellten Inhalte und Werke auf diesen Seiten unterliegen dem deutschen Urheberrecht. Die Vervielf\u00e4ltigung, Bearbeitung, Verbreitung und jede Art der Verwertung au\u00dferhalb der Grenzen des Urheberrechtes bed\u00fcrfen der schriftlichen Zustimmung des jeweiligen Autors bzw. Erstellers. Downloads und Kopien dieser Seite sind nur f\u00fcr den privaten, nicht kommerziellen Gebrauch gestattet.<\/p>\n<p>Soweit die Inhalte auf dieser Seite nicht vom Betreiber erstellt wurden, werden die Urheberrechte Dritter beachtet. Insbesondere werden Inhalte Dritter als solche gekennzeichnet. Sollten Sie trotzdem auf eine Urheberrechtsverletzung aufmerksam werden, bitten wir um einen entsprechenden Hinweis. Bei Bekanntwerden von Rechtsverletzungen werden wir derartige Inhalte umgehend entfernen.<\/p>\n<h3>Bildrechte<\/h3>\n<p>Slidermotive Startseite: AdobeStock \u00a9 pogonici, \u00a9 alotofpeople, \u00a9 eggeeggjiew, \u00a9 Art Photo<!--ende aktuelle belegung-->, \u00a9 daboost, \u00a9 crevis, \u00a9 Dmitry, \u00a9 yavdat, \u00a9 PiyawatNandeenoparit, \u00a9 travelview, \u00a9 jackijack, <a href=\"https:\/\/unsplash.com\/@jwvbraak\">@jwvbraak<\/a> on <a href=\"https:\/\/unsplash.com\/\">unsplash.com<\/a><\/p>\n<p><!--\nbucshtabensuppe AdobeStock_298118616_daboost.jpeg\nschubladen AdobeStock_288724954_crevis.jpeg\nb\u00fccherstapel AdobeStock_236346845_Dmitry.jpeg\nplus AdobeStock_195331929_yavdat.jpeg\nSchnurtelefon AdobeStock_177711733_PiyawatNandeenoparit.jpeg\nhaus AdobeStock_80439511_travelview\nstadt AdobeStock_88551735_jackijack\n--><\/p>\n","protected":false},"excerpt":{"rendered":"<p>Herausgeberin Humboldt-Universit\u00e4t zu Berlin Unter den Linden 6 10099 Berlin Vertreten durch die Pr\u00e4sidentin Prof. Dr. Julia von Blumenthal Kontakt Phone: +49 30 2093\u20130 Telefax: +49 30 2093\u20132770 E-mail: praesident@hu-berlin.de Streitbeilegungsverfahren vor einer Verbraucherschlichtungsstelle Wir sind nicht bereit oder verpflichtet, an Streitbeilegungsverfahren vor einer Verbraucherschlichtungsstelle teilzunehmen. Haftung f\u00fcr Inhalte Als Diensteanbieter sind wir gem\u00e4\u00df \u00a7 [&hellip;]<\/p>\n","protected":false},"author":3,"featured_media":0,"parent":0,"menu_order":0,"comment_status":"closed","ping_status":"closed","template":"","meta":{"footnotes":""},"class_list":["post-151","page","type-page","status-publish","hentry"],"acf":[],"_links":{"self":[{"href":"https:\/\/www.berlin-spricht.org\/index.php?rest_route=\/wp\/v2\/pages\/151","targetHints":{"allow":["GET"]}}],"collection":[{"href":"https:\/\/www.berlin-spricht.org\/index.php?rest_route=\/wp\/v2\/pages"}],"about":[{"href":"https:\/\/www.berlin-spricht.org\/index.php?rest_route=\/wp\/v2\/types\/page"}],"author":[{"embeddable":true,"href":"https:\/\/www.berlin-spricht.org\/index.php?rest_route=\/wp\/v2\/users\/3"}],"replies":[{"embeddable":true,"href":"https:\/\/www.berlin-spricht.org\/index.php?rest_route=%2Fwp%2Fv2%2Fcomments&post=151"}],"version-history":[{"count":12,"href":"https:\/\/www.berlin-spricht.org\/index.php?rest_route=\/wp\/v2\/pages\/151\/revisions"}],"predecessor-version":[{"id":6919,"href":"https:\/\/www.berlin-spricht.org\/index.php?rest_route=\/wp\/v2\/pages\/151\/revisions\/6919"}],"wp:attachment":[{"href":"https:\/\/www.berlin-spricht.org\/index.php?rest_route=%2Fwp%2Fv2%2Fmedia&parent=151"}],"curies":[{"name":"wp","href":"https:\/\/api.w.org\/{rel}","templated":true}]}}